17/(-5))/(309/(-60) - -5). Let a = j + -47. Does 45 divide a?
False
Let w = 64 + 16. Is w a multiple of 8?
True
Let p(a) = 2*a**3 - 21*a**2 + 13*a + 5. Is 26 a factor of p(11)?
False
Let b(k) = -k**3 + 45*k**2 - 72*k - 62. Is b(43) a multiple of 66?
False
Let g be (-6)/((-6)/(-9)*-3). Suppose -2*d - 52 = 2*t, d + d - g*t = -57. Let l = 0 - d. Is l a multiple of 7?
False
Let h(v) = -v**3 - 33*v**2 - 16*v - 83. Does 20 divide h(-33)?
False
Let z(o) = 3*o**2 - 4*o. Suppose 5 = 4*w - w - 2*y, 3*y = 3*w - 3. Does 3 divide z(w)?
True
Let z(w) = -5*w + 17. Let j be z(20). Let h = 115 + j. Is h a multiple of 18?
False
Let k = 5443 + -3221. Does 22 divide k?
True
Let x(y) = y**3 - y**2 - y. Let d be x(0). Suppose 0 = -3*f - 4*j + 219, 0 = -2*j - d*j + 6. Suppose 0 = 3*r - f - 60. Is r a multiple of 27?
False
Suppose -4*p - 10 = -5*y, -2*y = p - 5 + 1. Suppose p = -s + 5 - 1. Let t(b) = 2*b**2 - 3*b - 4. Is 4 a factor of t(s)?
True
Suppose 0 = 5*j - 2*d - 954, 2*j = 3*j - 4*d - 198. Does 19 divide j?
True
Let f = 0 - -3344. Is 16 a factor of f?
True
Let c(s) = -8*s**2 - 255*s - 40. Does 19 divide c(-29)?
True
Let m(r) = 5*r**2 + 29*r - 6. Is 3 a factor of m(-9)?
True
Suppose 11*z = 16*z - 90. Suppose -4*n + z - 54 = 0. Is (136/12)/((-2)/n) a multiple of 11?
False
Suppose -4*x + 9*x - 20 = 0, -2*d + 10 = 3*x. Is (-33)/22 + d*(-311)/2 a multiple of 11?
True
Suppose -5*w + 4*j = 7*j - 3356, -2*w = -5*j - 1361. Does 7 divide w?
False
Let d(g) = -g**3 - 49*g**2 + 242*g - 28. Does 28 divide d(-54)?
True
Let x(k) = -32*k + 46. Let o be x(-9). Let v = o - 159. Is 23 a factor of v?
False
Let k(g) = 5*g - 9. Let l be k(6). Suppose l = -2*h + 5*h. Suppose i + 3*j - 26 = h, -4*j - 66 = -2*i. Is i a multiple of 15?
False
Let m(u) = -u**3 - 4*u**2 - 2*u + 4. Let x(t) = -2*t**3 + 4*t**2 - 2*t - 1. Let k be x(2). Does 7 divide m(k)?
False
Is 1/(-12)*2 - (-194)/12 even?
True
Suppose 3*b - 1464 + 276 = 0. Suppose 12*d - 2904 = -b. Is 19 a factor of d?
True
Let u(a) = a**3 + 18*a**2 + 11*a + 28. Let g be u(-14). Suppose -13*t + g = -11*t. Is t a multiple of 13?
False
Let a = 1411 - 953. Is a a multiple of 21?
False
Suppose -19 = -3*j + 29. Let t = j + -14. Suppose 0 = -5*h + 5, 2*u + t*h + 3*h - 55 = 0. Is 10 a factor of u?
False
Let p = 246 + -176. Is 15 a factor of p?
False
Let k be (3 + 21/(-6))*-414. Suppose -6*m + k = 3. Is 17 a factor of m?
True
Suppose -2*x + 132 = y - 322, -2*x + 446 = -y. Is 15 a factor of x?
True
Let h(d) = d**3 - 4*d**2 - 10*d - 1. Let t be h(7). Let q = 5 + t. Is 27 a factor of q?
True
Suppose 3*j = 5*d + 47 - 15, -5*d = -5*j + 40. Suppose j*p - p = -v + 159, -2*v = 2*p - 102. Let a = 150 - p. Is a a multiple of 16?
True
Suppose -3*n = 147 - 1455. Is 9 a factor of n?
False
Let v(x) = x**2 - 2*x - 11. Let m be v(5). Suppose m*n - 2*q = 226, -2*q = -5*q - 3. Is 14 a factor of n?
True
Let g = 267 - -266. Does 49 divide g?
False
Suppose 2*v + 6*c - 2*c - 202 = 0, -2*c = -3*v + 303. Is v a multiple of 3?
False
Let l be (12/(-10))/((2/5)/(-1)). Let c(b) = 11*b**2 + 2*b - 14. Is 12 a factor of c(l)?
False
Suppose o - 3916 = -1468. Is 8 a factor of o?
True
Suppose -4*g = a - 31, 5*a - 4*g + g = 270. Let m = -17 + a. Is 17 a factor of m?
True
Suppose x - 3*x - 32 = 0. Let n = 16 + x. Suppose n*g + 60 = 2*g. Is 14 a factor of g?
False
Let s be 2/(10/(-245) - 0). Let k = s + 94. Is 23 a factor of k?
False
Suppose -32*o + 42282 = -21622. Is 29 a factor of o?
False
Suppose -3*h = -2*h - 325. Suppose -142 = -5*t - n - 449, -5*n + h = -5*t. Let k = t + 93. Is 27 a factor of k?
False
Let q be (-1188)/(-52) - (-4)/26. Suppose -q = -v - 2*p + 25, -5*p = v - 63. Is 19 a factor of v?
True
Let u be 27/(-2)*(-1 - (-40)/24). Let h(k) = 10*k - 2*k**3 + 3*k**3 + 12*k**2 - 16 - k**2. Is 8 a factor of h(u)?
True
Suppose 6*w = -3*w + 18. Suppose -4*t + 67 + 149 = 0. Suppose -w*q = q - t. Does 18 divide q?
True
Let h be (136/(-36) - -4) + 61060/(-18). Is 29 a factor of (-1)/3 - h/24?
False
Let u = -5 - -27. Let z = u - 16. Suppose -10 = -2*l + z*n - 2*n, -5*l - 3*n = -12. Is l a multiple of 3?
True
Let n(d) be the second derivative of -d**5/20 + 5*d**4/12 - 9*d**2/2 - 4*d. Let h be n(5). Does 3 divide h*-3*(-2)/(-9)?
True
Suppose -17*b - 12*b + 16907 = 0. Is 17 a factor of b?
False
Suppose 0 = -d + 5*d - 180. Let n = d - 82. Let b = 76 + n. Does 26 divide b?
False
Let k be 76*(-6 + 3)/(-3). Suppose 0 = i + 2, n - i = i + k. Is 24 a factor of n?
True
Let r(m) = -4*m**3 - 2*m**2 + 1. Let z be r(-1). Suppose -5*j + 37 = -z*l + 4*l, -l - 4*j = -38. Is 10 a factor of l?
False
Let z = -243 + 1516. Does 19 divide z?
True
Suppose 0 = s, -s - s + 15 = 5*p. Suppose -546 = -3*a - p*a. Is 13 a factor of a?
True
Let x = 3595 - 2537. Is x a multiple of 53?
False
Suppose 3*t + 3*t = 264. Suppose -8*s + t = -10*s. Let v = 39 + s. Does 17 divide v?
True
Suppose -16*y + 1799 + 4537 = 0. Is 22 a factor of y?
True
Let w be 120/(-18) + (-6)/(-9). Let n be (w/(-15))/((-4)/(-20)). Suppose -6*m + n*m = -240. Is m a multiple of 12?
True
Let a(z) = -7. Let m be ((-5)/(-3))/((-1)/3). Let u(k) = k**2 - k - 14. Let b(t) = m*a(t) + 2*u(t). Does 20 divide b(4)?
False
Suppose -21*q = -22*q. Suppose -5*s + 25 - 5 = q. Suppose -l = 3*j - 46 - 54, 0 = -j + s. Is 22 a factor of l?
True
Suppose 6643 = 8*d - d. Does 29 divide d?
False
Suppose -7*b = -5*b - 8. Suppose -2*r + 2*g + 186 = 0, -r - g = b*r - 489. Does 15 divide r?
False
Let z(f) = 15*f + 1. Let n = -14 - -18. Suppose 3*p = -a - n + 2, a + 2*p = 0. Is z(a) a multiple of 19?
False
Let u = 166 - -252. Is u a multiple of 38?
True
Let r = 48 - 54. Does 7 divide ((-27)/r)/((-9)/(-42))?
True
Let f = 1196 - 571. Is 5 a factor of f?
True
Suppose -4*n - 3*n = 182. Suppose 2*g = 5*g - 5*b - 164, 88 = 2*g + 2*b. Let z = n + g. Is z a multiple of 11?
True
Let j be 198/(-14) + 2/14. Let s = 18 + j. Suppose 4*q = -3*w + 148, 0 = 4*q - 0 - s. Does 12 divide w?
True
Suppose -38*x + 22*x + 2096 = 0. Does 10 divide x?
False
Suppose -5*d + 711 = 6*u - 5*u, -5*u + 5*d + 3555 = 0. Is u a multiple of 50?
False
Let u be -2*(-4)/(-24)*-3. Is (4 - 0)/u + 52 a multiple of 14?
True
Let b = 7 - 0. Suppose 0 = 5*n + 8 + b. Let r(p) = p**3 + 5*p**2 - 4*p. Is 10 a factor of r(n)?
True
Let r = -2856 + 5070. Does 22 divide r?
False
Suppose 5*k + 21*k - 18408 = 0. Does 29 divide k?
False
Let n = -16 + 20. Suppose 2*t = -4*u + 186, 4*t - n*u - 312 = -0*u. Is t a multiple of 20?
False
Suppose 5*p - 3*i - 1222 = -0*p, -2*p - 4*i + 494 = 0. Suppose 1249 = 4*l + p. Does 30 divide l?
False
Let o(j) be the first derivative of j**4/12 + j**3/6 + j**2 - 3. Let a(u) be the second derivative of o(u). Does 2 divide a(3)?
False
Let m be (-1 + 2)*(-9 - -66). Let y = m + -19. Does 19 divide y?
True
Let b be (-10*(-23)/(-6))/((-8)/48). Suppose k = -x - 2*k + b, -2*x = k - 485. Does 34 divide x?
False
Let g(c) = -115*c + 29. Is 16 a factor of g(-1)?
True
Let k(b) = -b + 9. Let o = 0 + 12. Suppose 0*h + 4*h + o = 0. Does 8 divide k(h)?
False
Let a(r) = -5 + 3 + 10 - 14*r. Is a(-2) a multiple of 36?
True
Is ((-2)/6)/(7/(-8883)) a multiple of 47?
True
Suppose 0 = -4*p + 41 - 5. Let k be (-2)/(-2)*(p - -11). Suppose 0 = 2*t + k - 50. Is 15 a factor of t?
True
Suppose x + 3 = 156. Does 17 divide x?
True
Let l(s) = -s**3 - 10*s**2 + 14*s + 102. Does 22 divide l(-14)?
False
Let u = -43 + 48. Suppose -n - 327 = -5*z + 3*n, z + u*n - 48 = 0. Does 13 divide z?
False
Let d(r) = r**2 - 22*r + 2. Is 5 a factor of d(-7)?
True
Is 7 a factor of (-291)/(0 + 33/(-308))?
True
Let l(w) = 3*w - 3. Let v be l(3). Suppose -3*c = -v*c - 72. Is 5 a factor of (c/(-20))/(2/20)?
False
Suppose a - 2*h = -2*a + 608, 5*a + 4*h = 1028. Suppose 2*r + 0*t - 2*t = a, -5*t = 0. Suppose 2*s + 4*f - r = 0, -4*s - f = s - 291. Does 24 divide s?
False
Suppose -3*r - 6 = 3*d, 2*r + 8 = 3*d - 7*d. Suppose r = f + 4*f + 5. Let q = 4 - f. Is 2 a factor of q?
False
Does 10 divide (-114)/171 + 1/(6/556)?
False
Let x = -41 + 58. Let b = x - 19. Does 17 divide (-56 - b)*(5 - 6)?
False
Let a(n) = n**2 + 8*n + 11. Let x = -6 - 0. Let t be a(x). Is (t/(2/22))/(-1) a multiple of 8?
False
Let o(s) be the first derivative of -s**4/12 + 2*s**3/3 - 4*s**2 - 5. Let t(h) be the second derivative of o(h). Is t(-15) a multiple of 10?
False
Suppose 5*n 